11 - -10) + -41 - 5.
-41
Calculate (4 - 3) + 21 + (-1229 - -1247).
40
What is -16 - (-42 - (-34 - -108)) - 13?
87
What is (-81 + -80 - -147) + -55?
-69
17 + (5 - (24 + 6 + -11))
3
Evaluate -26 - (1 + 11 + -12).
-26
Calculate 10 + (-2 - -1 - 125) + (-1310 - -1329).
-97
(1 - (5 - 43)) + -5 - (14 + -2 - 8)
30
Evaluate 1 + -1 - ((-425 - -443) + (-1 - (-3 + -2))).
-22
What is (10 - -52 - 67) + -1?
-6
-24 + -51 + 85 + (3 - (-3 - -12))
4
What is (-33 - -2) + -265 + 319 - (96 - 1)?
-72
77 + (-198 - (-56 + -27))
-38
Evaluate -4 + (2 - ((-5 - -11) + 7 - 15)).
0
(-42 - 2) + -2 - (37 - 53)
-30
73 + -67 + -194 + 87
-101
76 + 24 + -25 + 18 + -13
80
What is (-43 - -110) + (-1 + (3 - (6 + -1)) - 3)?
61
-10 + -1 - (130 - (-23 + 134))
-30
What is (-13 - -8) + 18 + -2 + (-2 - 4)?
5
What is (510 + -534 - (-10 - 0)) + -8 + 1?
-21
37 - (67 - (122 + -53))
39
82 + (-47 - -56 - 44)
47
What is 15 + -20 + -15 - 0 - (-13 + -2)?
-5
What is -25 - ((58 + -33 - -15) + -29)?
-36
Calculate 141 + 24 + -28 - 83.
54
1 + -2 - (-15 - -12) - -49
51
(706 - 668) + (-1 - 3) + 1
35
Evaluate (3 - 11) + -37 + -35.
-80
287 + -281 + -1 + 1 - 56
-50
78 + -30 - 22 - 30
-4
What is (-3 - (-43 + 71)) + 34 + 38?
41
What is (-49 - -11 - -30) + 4 + (-4 - -1)?
-7
Calculate 50 - (7 + 1 - (6 - (35 + -45))).
58
What is (-25 - (4 + -3)) + 856 + -839?
-9
Calculate -44 + -43 + 1 + 121.
35
33 - 0 - (18 + -31 + (-31 - -29))
48
(26 + -3 - 81) + (6 - 35)
-87
What is 1 + (-2 - 70) + -18618 + 18595?
-94
What is the value of -15 + 6 + -9 - -36?
18
(-3 - -7) + -6 + 4 + -15 + 20
7
Evaluate (-9 - 58) + 50 + (0 - 4).
-21
Evaluate 138 + -106 + -8 + (14 - (1 + 0)).
37
What is the value of 50 + -182 - (-134 - -69)?
-67
Evaluate (-9 - (-15 + (-27 - 13))) + (-4 - -3).
45
What is ((4 - 1) + 1 - -14) + -1558 + 1599?
59
What is 3 + (11 - (38 - (-9 - (-18 - 12))))?
-3
What is the value of -128 + 33 + (14 - 63) - (4 - (4 - 0))?
-144
What is the value of (2 - -8) + -4 + -7 + 41?
40
-7 + 13 + -13 + (10 - (-5 - -5))
3
What is 22 + -37 + -18 + 3?
-30
What is the value of (21 - (2 - 0)) + 289 + (-47 - 173)?
88
Evaluate 1 - (2 + 27) - (-15 + 27 - 13).
-27
Calculate 41 + -71 + 20 + 50 + (3 - 1).
42
(2 - 3 - (12 + (-8 - -7))) + 50
38
What is the value of 5 + (-37 - (-2 - (29 - 27)))?
-28
What is the value of 11 + -9 + (-7 - -3) + -12 + -15?
-29
Calculate 13 - (-3 - (13 - 6) - 0 - 13).
36
6 + -6 + (11 - 2 - -2) + -2 - 25
-16
(-390 + 560 - (38 - 2)) + -1
133
4 + -1 - (-65 - -40) - (29 - 20)
19
Calculate -10 - (-2 + (-29 - -14 - -19)).
-12
Evaluate 110 + (-94 - 128) - -32.
-80
Evaluate 8 - (-38 - (-88 + 29)).
-13
What is the value of -63 - (-11 + -29) - -72?
49
What is the value of 1 + (5 - 53 - (357 - 383))?
-21
(68 - (-14 - -82)) + 3
3
What is (32 - 2) + -7 + -117 + -3 + 3?
-94
Calculate 73 + (24 - -7) + -76.
28
What is -138 + 20 + 20 - (3 + -8 + -7 + -1)?
-85
What is -122 + 21 + 44 + -26 - -2?
-81
3 + 121 + -41 + -41
42
Calculate 8 + -3 - (-62 - -30 - -28).
9
Evaluate (0 - -11 - (29 - (37 + -10))) + 19.
28
What is (18 - (-8 + -4 + 40 + -11)) + -30?
-29
What is the value of 81 + -96 - (-3 - 1) - -9 - 9?
-11
Calculate (-99 - -70) + 66 - (1 - -6).
30
Calculate -41 + (-140 - -209) + -2 + -27.
-1
What is 2 + 16 - (23 + -75 + 74)?
-4
What is (-4 - -5 - 71) + 23 - (-4 + -1)?
-42
Evaluate -11 + (90 - (-8 - -48)).
39
What is the value of 12 - 14 - (5 + -9) - (5 - 14)?
11
Evaluate (2 + 7 + -4 - 11) + (-10 - 26).
-42
What is the value of (83 - (79 + -31)) + 13?
48
Calculate -12 - (-10 - 13) - 23 - -38.
26
What is (7246 - 7266) + -1 + -62?
-83
Calculate -2 + -44 + (27 - -18).
-1
Calculate 34 - (-20 - (-22 + -23)) - 6.
3
Calculate ((4 - 6) + -35 - -20) + -7.
-24
What is 44 - ((-4 - (8 + -13 + 2)) + 9 - -3)?
33
-24 - -31 - ((1 - (-10 - 68)) + 1 + -1)
-72
Evaluate 39 + -33 - (1 + -3 - (-115 + 155)).
48
Evaluate 12 + (10 - (-3 - -14)) - -13.
24
0 + (-6 - 12) - (-27 - 6)
15
What is 3 - 79 - (306 + -305)?
-77
Evaluate -27 - (16 + -66) - 19 - (64 + 0).
-60
Calculate (64 - 0) + -506 + 477 + 44 + 2.
81
What is -12 - ((-3 - (9 - (-13 + 19))) + 13 + -3)?
-16
What is (58 + -67 - 26) + 42?
7
What is the value of -187 - -190 - (2 - (-6 - -1)) - -42?
38
What is (1 + 23 - (18 - (16 - 14))) + 15?
23
What is (-3 + 1 - (196 + -162)) + 34?
-2
What is -5 + 0 - -58 - 76?
-23
Calculate 18 + -45 + 45 + -60.
-42
What is (6 - (-9 - -13 - -6) - -10) + -9?
-3
What is the value of 2 + 69 + (-6308 - -6230)?
-7
What is -13 + (3 - -10) + -41?
-41
What is 18 + (30 - 55) - (-78 + -2) - (9 - 0)?
64
(-48 - -52) + (3 - -14 - (7 + -1))
15
What is 479 + -261 + (43 - 153)?
108
Evaluate -1 - (16 - (11 - (-24 - -12))).
6
Evaluate 24 + 11 - 0 - 0 - -26.
61
Evaluate 30 + -72 + 21 + -34 + 22.
-33
What is the value of -77 - (35 - (-19 - -88)) - -22?
-21
What is -24 + 32 + -18 + 55?
45
Calculate (-2620 - -2641) + (22 - 0).
43
What is (50 - -47 - 106) + (-53 - -1)?
-61
Calculate -5 + 11 + (-6 - -6) + 22 + -36 + 20.
12
What is 15 + (-2 - (-12 - (-11 - (-5 - -129)) - -14))?
-124
Evaluate 90 + (8 + (-2 - 2 - -14 - 1) - 10).
97
What is the value of (-63 - (20 + -72)) + -8 + 0 + 20?
1
Calculate -6 + 0 - (-11 + -44 + 59).
-10
Calculate 66 - (-5 - 0 - ((-22 - -6) + 4) - -2).
57
What is 10 + -13 + 24 + (-7 - 2)?
12
Evaluate -148 + (-57 - -150) - -128.
73
What is -44 + (63 - 42) + 62?
39
Calculate -51 + -3 + (38 - 2).
-18
What is the value of (-4 - (-10 - -10)) + 12 + (6 - 14) + 57?
57
Evaluate (-33 - -16) + (-3 - 7 - (16 + -92)).
49
-99 - (9 + -91) - 43
-60
What is -20 - (27 - ((31 - -17) + -28))?
-27
Evaluate 44 - (-15 - (-13 + 5 - (7 + (-12 - -9)))).
47
Calculate 9 + (11 - (-36 + 42)).
14
Calculate 10 - (82 + -104 - (-6 + 1)).
27
Evaluate (38 + 24 - 40) + -45 - (-1 - -6).
-28
What is the value of -73 + 68 - 5 - -42?
32
Calculate -112 - (-52 + (-220 - -110)).
50
What is -1 + -11 + 60 - (-299 - -491)?
-144
Calculate (11 - 0) + (3 - (-1 - (-44 + -6))).
-35
-42 - -7 - ((-7 - -15) + 0)
-43
Evaluate (10 - 5) + -15 - (4 + -8 + -41).
35
What is the value of -2 - (44 + 0 + 5) - ((2 - 33) + 28)?
-48
19 - (3 + (0 + 2 - 8) + 16)
6
What is the value of -9 + (45 + -7 - (-37 + 38)) - (-5 - -1)?
32
Calculate 4 + 5 + (-13 + 38 - 44).
-10
Calculate -66 - (-98 + 77 + -58).
13
What is (-61 + 88 - 21) + (-6 - -53)?
53
What is 115 + (111 - 73) + -130?
23
What is -120 - (-12 + -34) - (7 - (-7 + 22))?
-66
Evaluate -10 - -91 - (-2 - -11 - 5 - 4 - -2).
79
What is the value of 30 - (7 + -15 - (2 - 30))?
10
What is the value of -309 + 23 + 115 - -87?
-84
Calculate -364 - -238 - (-158 + 36).
-4
What is the value of 192 - 199 - ((8 - (18 - 8)) + -13)?
8
What is -74 - (3 - ((-7 - 4) + 3 - -21) - 0)?
-64
Calculate -35 + -6 + -2 + (3 - 24).
-64
What is (45 - 29) + -106 - (-19 - 1)?
-70
Calculate (-15 - (7 + 16)) + (17 - (4 + 0)).
-25
What is the value of -78 + (-153 + 175 - (32 - 2))?
-86
What is 3 - 6 - ((-28 - 12) + 10 + -6)?
33
What is the value of 0 + 6 + (-33 - -5) + 52 + -59?
-29
Evaluate -7 - (0 - 2) - (327 + -319) - -42.
29
What is (60 - -1) + 3899 + -3916?
44
What is (-2 - 18) + 27 + 23 + 2?
32
What is the value of (9 - 1 - (18 - 8)) + (-18 - -14)?
-6
Calculate 6 + (-2 - 19) + -11.
-26
Calculate (-162 - -178 - 96) + (22 - -1) + -2.
-59
(12 - -2) + (25 - ((-4 - 0) + 17))
26
Calculate 28 + (-100 - (23 - 113)).
18
What is the value of 0 + 0 + -8 - (3 + -33)?
22
What is the value of 56 - 2 - ((0 - 10) + 20 + 4)?
40
What is 333 + -375 - (-2 + 2 + (16 - 0))?
-58
Evaluate (-4 - ((-1 - -8) + (75 - 82))) + 6 + 18.
20
Calculate -36 + -12 + (-38 - -69).
-17
What is the value of ((19 - 8) + 1 - 30) + 51?
33
What is 12 + (-222 + 111 - (-3 - (1 - -1)))?
-94
Calculate 278 + -269 - (5 - -58 - 5).
-49
-6 - 0 - (-289 + 303) - -25
5
13 - (4 - -1 - (13 - 30 - 14))
-23
What is 80 + 7 + -4 - 43?
40
What is the value of -10 - (-13 + 14 + 9 - 6) - -4?
-10
Evaluate (-30 - (3 - 21)) + (-7 - 59) - 14.
-92
What is the value of -357 - -357 - (53 + 2) - (1 + -3)?
-53
What is 262 - 269 - (-7 - (2 - -131) - (0 + 3))?
136
10 - (-29 + (-21 - -22) + 14)
24
What is the value of 38 + (43 - (-28 - -95))?
14
Evaluate 3 + 0 + 1 - 12 - (-14 + -13 + 79).
-60
What is -82 - (74 + -18 - 109)?
-29
Evaluate -11 + 7 + -2 - (4 + 8 + -12).
-6
Evaluate -105 + 221 + (35 - 34).
117
What is 14 + 11 + -31 + 17 + 12 + -3 + 5?
25
Calculate 99 + -41 - 64 - (-1 + -2) - (-2 -